factor of s and 172?
43
Let c(f) = 12*f + 33. Let q be c(4). Calculate the highest common factor of 6 and q.
3
Suppose -125 = -5*b + 55. Let x(d) = -2*d - 14. Let y be x(-9). What is the greatest common divisor of y and b?
4
Suppose -1254 = -12*p - 282. Calculate the greatest common factor of 9 and p.
9
Suppose -5*l - 8*l + 156 = 0. What is the highest common factor of l and 24?
12
Suppose -420 = -35*y + 21*y. Suppose -94 = -5*f + 281. What is the highest common divisor of f and y?
15
Suppose 9*n = 4*n + 65. Suppose -n*u + 16 = -9*u. Suppose 2 + 18 = u*g. What is the highest common factor of 5 and g?
5
Let t be 12 - 2/6*3. Calculate the greatest common factor of t and 1.
1
Let v(m) = m**3 - 7*m**2 + 4. Let z be v(7). Suppose -19 = -o - 3*q, z*o - 3*q - 43 = 48. Let f = -2957 + 3045. What is the highest common divisor of o and f?
22
Let t = -2487 - -2524. What is the highest common factor of 5 and t?
1
Let t(k) = k**3 - 12*k**2 - 20*k - 12. Let i = 84 - 70. Let o be t(i). What is the greatest common divisor of 20 and o?
20
Let t be -183*(-2 - (-4 + 3)). Let r = 309 - t. Calculate the greatest common factor of 14 and r.
14
Suppose 4*m - 4*u - 437 + 93 = 0, 2*m - u - 167 = 0. Calculate the highest common factor of m and 36.
9
Let z be (26/4)/((-3)/12*-2). Let w(s) = s**3 + 11*s**2 + 12*s + 8. Suppose -12 = 2*m + 4. Let i be w(m). What is the greatest common factor of z and i?
13
Let l(o) = o**3 + 22*o**2 + 20*o - 13. Let a be l(-21). Let w(g) = g**2 - 6*g - 5. Let x be w(a). What is the highest common factor of 11 and x?
11
Suppose -3 = -10*q + 7*q + 2*u, 4*q - 4*u = 0. What is the highest common divisor of q and 87?
3
Let y(v) = 28*v**2 - 2*v - 3. Let u be y(-2). Let i = u + -98. What is the highest common factor of i and 240?
15
Let m be (42/(-4))/((-18)/408). Calculate the greatest common divisor of m and 56.
14
Let m be (-4)/14 - (-2104)/14. Let v = 25 - 10. What is the highest common factor of v and m?
15
Let h = 15 - 21. Let g be (6 + -7)/((h/(-33))/(-2)). What is the greatest common divisor of g and 55?
11
Let x be (0 - (-3)/2)*8. Let k = 68 - x. Let u = 609 - 601. What is the greatest common factor of u and k?
8
Let o = 319 - 98. What is the greatest common divisor of o and 39?
13
Let i be 0*1*(-5)/(-10) + 2. Calculate the greatest common factor of 40 and i.
2
Suppose -h + 25 = 22. Suppose k = 57 + h. What is the greatest common factor of k and 24?
12
Let u(r) = -2*r**2 + 5*r - 9. Let c be u(5). Let w be ((-56)/(-6))/(c/(-51)). Suppose 3*q - 84 = -0*q. Calculate the highest common divisor of q and w.
14
Suppose -2*s + 7*s = -4*g + 214, 2*s - 108 = -2*g. What is the greatest common divisor of 2408 and g?
56
Let x(z) = 11*z**2 + 41*z - 5. Let p be x(10). What is the highest common factor of 70 and p?
35
Suppose 45*r - 1850 = 2605. Calculate the greatest common factor of r and 165.
33
Let s = -283 + 289. What is the greatest common divisor of 96 and s?
6
Let h be ((-30)/(-4))/(15/40). Let w = 3 + -4. Let d be ((-2)/(-5))/(w/(-20)). What is the greatest common divisor of d and h?
4
Let c be 44 - (6 - 4/2). Suppose -5*y + 0*p + 40 = -5*p, 4*y = -5*p + 50. Suppose 4*f - y = 3*f. Calculate the greatest common factor of f and c.
10
Let l = -6 + 8. Let b(t) = 9*t - 1. Let g be b(-1). Let j = -8 - g. What is the greatest common factor of l and j?
2
Let r(j) = j**2 - 4*j - 7. Let t be (-2)/(-5) - (-420)/75. Let k be r(t). Let q be ((-72)/(-10))/(1/k). Calculate the highest common factor of 24 and q.
12
Suppose 2*j + 4*l - 95 = 85, 5*l + 495 = 5*j. What is the highest common divisor of 672 and j?
96
Let o(q) = -2*q**3 - 3*q**2 + 2*q + 3. Let m be o(-3). Let l = -24 + 21. Let d = l + 11. What is the highest common factor of d and m?
8
Suppose 970 + 1120 = 11*c. What is the highest common factor of 76 and c?
38
Let g be (1/(-1))/(51/(-4641)). Calculate the greatest common divisor of 14 and g.
7
Suppose 0 = -2*m + 2*w + 318, 6*w - 3*w - 139 = -m. Calculate the greatest common divisor of 22 and m.
22
Suppose -4*x - 16 = 0, 5*s = 3*x + 56 + 211. Calculate the greatest common divisor of s and 289.
17
Let h be (-6 - (-6 - 7)) + 2. What is the highest common factor of h and 117?
9
Let a(r) = -3*r + 4 + r**2 - 8*r + 1. Suppose 0 = 4*m + u - 49, 3*m - 58 = -2*m + 2*u. Let b be a(m). What is the greatest common factor of b and 136?
17
Let v = -983 + 995. Calculate the highest common factor of 444 and v.
12
Suppose 0 = 28*n - 11*n - 153. Let h = -17 + 19. Calculate the highest common factor of h and n.
1
Let h = 32 + 735. What is the highest common divisor of h and 118?
59
Let w = -4 + 0. Let p be (-998)/w + (-21)/(-14). Suppose -77 = -4*c + 4*j + 171, 4*c = 3*j + p. What is the highest common factor of 13 and c?
13
Suppose 30*v - 29*v = 0. Suppose 2*g - 139 = -3*s, s + 4*g - 3 - 50 = v. Calculate the greatest common divisor of 9 and s.
9
Let l be (-932)/(-36) - 1/(-9). Let a = 18 + -5. What is the greatest common divisor of l and a?
13
Let k(p) = -p**3 + 16*p**2 - 11*p - 5. Let m be k(15). What is the highest common divisor of 22 and m?
11
Suppose -1 - 9 = -3*z - 2*v, -3*z + v = -13. Let s(i) = 4*i + 4. Let h be 5*(-1 - 3/(-1)). Let r be s(h). What is the greatest common divisor of r and z?
4
Let g(q) = 3*q**2 - 2*q. Let y be g(2). What is the highest common divisor of y and 24?
8
Suppose 99 + 9 = 2*a. Suppose -2*r - 37 - 35 = 0. Let v = r + 63. What is the greatest common factor of a and v?
27
Let t(x) = 2*x**3 - 2*x**2 - 5*x + 2. Let i be t(2). Suppose 3*g + 3*w = 2*g + 85, g - 5*w - 45 = i. Calculate the highest common divisor of g and 10.
10
Let u(i) = 553*i - 6. Let p be u(2). Suppose 4*x - 880 = g, 0*g - 4*g = -5*x + p. Calculate the greatest common factor of x and 20.
20
Let p(y) = y - 1. Let f be p(1). Let s be 3 + -2 + f/2. Suppose 2*u = -4*x, -3*x + 3*u + 1 + 8 = 0. Calculate the highest common factor of x and s.
1
Let v = 329 - 1034. Let x be v/(-90) + (-1)/(-6). Suppose -3 = 2*r - 5*r. What is the highest common factor of r and x?
1
Let g be (-884)/(-16) - 15/(-20). What is the highest common factor of 154 and g?
14
Let c(i) = -7*i - 139. Let u be c(-24). Suppose -32 = -q - 3*h - 6, 2*h - 27 = -q. Calculate the greatest common factor of q and u.
29
Let i(k) = 618*k + 2. Let q be i(1). What is the highest common divisor of q and 10?
10
Suppose s - 67 = -p, 25*s - 24*s = p - 65. Let y(t) = -t**2 + t + 6. Let c be y(0). What is the highest common divisor of c and p?
6
Let d(j) = 9*j - 30. Let b = -86 - -90. Let q be d(b). Calculate the highest common divisor of q and 54.
6
Let l = -272 - -283. Calculate the greatest common factor of 55 and l.
11
Suppose 128*v - 119*v = 180. Calculate the greatest common factor of 35 and v.
5
Suppose 408 = 14*b + 3*b. What is the highest common divisor of 8 and b?
8
Let d(n) = 2*n**2 + 15*n - 14. Let z be d(8). Suppose -2*b - 678 = -3*m - 7*b, -z = -m + b. Calculate the highest common factor of m and 21.
21
Let k = 11 - 13. Let f be 0/(-2 - -4) + 57. Let l be (k - -1)*-3 + f. Calculate the highest common factor of l and 15.
15
Let l(i) = i**3 + 19*i**2 - 19*i + 26. Let r be l(-20). Let x be -12*((-100)/r)/5. Calculate the greatest common divisor of 5 and x.
5
Let f be (-2124)/14 + (-8)/28. Let r be f/(-11) + 12/66. Let s(u) = 11*u - 2. Let b be s(4). What is the highest common factor of b and r?
14
Suppose 3*i - 56 = 4*c, -9*i - 3*c = -6*i - 42. Suppose f - 2*f + 320 = 0. Suppose f = -2*z + 7*z. What is the highest common divisor of i and z?
16
Suppose -j = -232 - 56. Suppose 3*f = -4*l - 0*l + 70, -3*f + 4*l + 38 = 0. What is the highest common divisor of j and f?
18
Let d(m) = 2*m - 5. Let x(z) = -18*z + 44. Let w(o) = -52*d(o) - 6*x(o). Let u be w(2). Calculate the highest common factor of u and 1.
1
Let t = -7 + 10. Suppose -10 = 4*s + q, -13 = s + 4*q - t. Let i = s - -5. Calculate the greatest common divisor of 3 and i.
3
Let z = 206 + -290. Let t = -63 - z. What is the greatest common divisor of 7 and t?
7
Let h = -15 + 18. Suppose -m - h*m = -224. Suppose 12*o - m = 8*o. What is the highest common factor of 112 and o?
14
Suppose -94*a - 175 = -99*a. Let s(g) = -2*g - 4. Let r be s(-4). Suppose -2*n + r = -24. Calculate the greatest common factor of a and n.
7
Let d = 193 + 47. What is the highest common fac